termine n(70).
-2
Let n(g) = -96*g - 696. Calculate n(-10).
264
Let g(j) = -58*j + 697. Calculate g(2).
581
Let m(u) = -u**3 - 7*u**2 - 9*u - 35. What is m(-6)?
-17
Let v(j) = -2*j**2 - 51*j - 182. Determine v(-4).
-10
Let b(x) = 259*x - 9592. What is b(37)?
-9
Let i(b) = 5*b**3 - 5*b**2 + 9*b + 27. Calculate i(-4).
-409
Let v(g) = -11*g - 547. Calculate v(-54).
47
Let t(s) = 4*s**2 + 169*s - 675. What is t(-46)?
15
Let u(z) = 136*z - 6932. Determine u(51).
4
Let o(v) = -296*v + 295. Give o(1).
-1
Let i(r) = -483*r - 3864. Calculate i(-8).
0
Let v(k) = -55*k + 499. What is v(10)?
-51
Let t(j) = -1302*j + 5200. What is t(4)?
-8
Let p(l) = l**3 + 138*l**2 - 3704*l - 142. Give p(-161).
19
Let g(s) = -s**3 - 38*s**2 - 69*s + 113. What is g(-36)?
5
Let c(i) = 8*i**2 + 9*i - 145. Calculate c(8).
439
Let b(x) = x**2 + 62*x + 596. What is b(-13)?
-41
Let y(c) = -c**3 - 43*c**2 + 3319*c - 73. Determine y(-83).
10
Let b(v) = -5*v**3 + 669*v**2 + 1499*v - 393. Give b(136).
15
Let z(k) = -579*k + 583. Give z(1).
4
Let r(q) = -2*q**2 - 41*q + 751. Determine r(-32).
15
Let f(a) = -92*a + 6051. Give f(66).
-21
Let j(b) = -11*b**2 + 786*b + 1235. What is j(73)?
-6
Let c(l) = 2861*l - 5721. Give c(2).
1
Let c(f) = -58*f - 74. Give c(-5).
216
Let x(d) = -19513*d + 39029. Determine x(2).
3
Let b(p) = 463*p - 46302. Give b(100).
-2
Let o(j) = j**2 + 68*j + 869. Calculate o(-50).
-31
Let y(j) = 278*j + 236. Determine y(-3).
-598
Let a(y) = -y**3 - 49*y**2 - 92*y - 197. What is a(-47)?
-291
Let t(c) = c**3 + 4*c**2 - 36*c - 145. Determine t(-5).
10
Let f(x) = 231*x + 57284. Determine f(-248).
-4
Let s(y) = -460*y - 2298. What is s(-5)?
2
Let u(r) = -78*r + 759. Determine u(11).
-99
Let z(a) = -a**3 + 24*a**2 + 36*a - 272. Give z(25).
3
Let n(z) = 45*z**2 + 45*z + 2. Determine n(2).
272
Let k(h) = -380*h + 4993. Determine k(13).
53
Let l(k) = -k**3 + 38*k**2 + 32*k - 75. What is l(39)?
-348
Let m(t) = -125*t - 83. Give m(-1).
42
Let a(t) = -50*t**2 - 552*t - 18. Determine a(-11).
4
Let j(a) = -52*a + 7594. Determine j(146).
2
Let b(c) = 17*c**2 - 59*c + 168. What is b(3)?
144
Let u(x) = -5*x**2 - 43*x - 69. Give u(-6).
9
Let p(o) = 3*o**2 + 152*o - 1729. What is p(10)?
91
Let h(j) = j**2 - 2*j - 4. Calculate h(5).
11
Let i(n) = n**3 + 33*n**2 - 38*n - 1205. Calculate i(-6).
-5
Let n(a) = -9*a - 298. Give n(-42).
80
Let x(o) = -5*o**2 - 237*o + 396. Determine x(-49).
4
Let i(s) = 39*s - 301. Give i(7).
-28
Let i(h) = -9*h + 109. Calculate i(6).
55
Let x(u) = -6*u**3 + u**2 - 39*u + 37. Give x(1).
-7
Let b(p) = -p**3 - 21*p**2 + 111*p + 3033. What is b(-17)?
-10
Let w(d) = 2*d**2 - 87*d - 1351. Calculate w(-11).
-152
Let i(r) = 1493*r - 34338. Calculate i(23).
1
Let j(l) = 17*l + 8. Determine j(4).
76
Let t(c) = 54*c - 7754. What is t(144)?
22
Let s(f) = -366*f + 581. Determine s(2).
-151
Let c(w) = -2*w**2 - 66*w + 1567. Calculate c(16).
-1
Let r(i) = i**3 - 27*i**2 + 4. Calculate r(27).
4
Let f(y) = 5*y**2 + y - 3. Give f(1).
3
Let y(u) = 174*u + 19. Determine y(0).
19
Let d(g) = 10*g**3 - 6*g**2 + 2*g + 3. Calculate d(2).
63
Let d(j) = j**2 + 59*j - 263. Give d(0).
-263
Let s(p) = 162*p**3 + 6*p + 3. Determine s(-1).
-165
Let i(f) = 42*f - 143. Determine i(6).
109
Let c(p) = -p**3 + 74*p**2 + 1032*p - 6. Determine c(86).
-6
Let y(h) = -2*h**3 + 117*h**2 - 328*h - 5. What is y(3)?
10
Let d(o) = 45*o + 424. What is d(-9)?
19
Let f(u) = u**3 + 3*u**2 - 8*u + 15. Give f(-8).
-241
Let s(w) = -w**3 + 4*w**2 + 60*w - 87. Give s(10).
-87
Let v(u) = -714*u + 5716. Determine v(8).
4
Let v(r) = -4*r**3 + 35*r**2 + 75*r. Give v(-2).
22
Let p(t) = -t**2 + 1490*t + 34812. Calculate p(-23).
13
Let p(l) = -4*l**3 - 29*l**2 - 4*l + 29. Give p(-7).
8
Let q(f) = -f**3 - 2*f**2 + 4*f - 45. Determine q(-5).
10
Let s(t) = -45*t + 1610. What is s(36)?
-10
Let m(u) = 927*u - 7384. What is m(8)?
32
Let f(z) = 2*z**3 - 38*z**2 + 104*z + 769. What is f(10)?
9
Let t(s) = 8*s**2 - 14*s - 188. Determine t(5).
-58
Let j(z) = -z**3 - 64*z**2 + 6*z + 380. Calculate j(-64).
-4
Let x(k) = -k**3 - 120*k**2 + 248*k + 506. Give x(-122).
18
Let l(f) = -f**2 - 19*f + 2980. What is l(46)?
-10
Let p(k) = -k**3 + 6*k**2 + 6*k + 8. Give p(7).
1
Let l(x) = x**2 - 218*x - 1333. What is l(-6)?
11
Let v(b) = b**2 + 46. Calculate v(19).
407
Let b(q) = -2*q + 263. What is b(10)?
243
Let l(n) = -6*n**2 + 47*n - 130. Calculate l(7).
-95
Let d(r) = 9*r**3 + 4*r**2 + 5*r - 9. Determine d(1).
9
Let f(z) = 298*z - 3588. Give f(12).
-12
Let s(g) = 3*g**2 + 35*g - 53. Give s(-12).
-41
Let w(t) = -23*t + 21. Give w(-3).
90
Let n(s) = 2*s**3 + 8*s**2 - 98*s - 305. What is n(-3)?
7
Let z(b) = -4*b**2 - 48*b - 49. What is z(-1)?
-5
Let t(h) = -20*h**3 - 47*h**2 + h + 8. Calculate t(2).
-338
Let p(x) = -x**2 + 12*x - 185. Determine p(0).
-185
Let n(w) = 733*w**2 + 82*w - 84. Give n(1).
731
Let q(u) = u**2 + 4*u + 20. Determine q(-4).
20
Let r(d) = -2*d**3 + 67*d**2 - 40*d + 205. What is r(33)?
-26
Let l(b) = -8*b**3 + 66*b**2 + 54*b - 8. What is l(9)?
-8
Let a(v) = 4701*v - 32912. Give a(7).
-5
Let d(c) = 2*c**3 - 27*c**2 + 22*c - 17. Calculate d(12).
-185
Let j(a) = -6*a**2 + 305*a - 302. Determine j(1).
-3
Let i(t) = -2*t**2 + 632*t - 35142. Determine i(244).
-6
Let v(t) = 2*t**2 - 16*t - 24. Give v(10).
16
Let l(d) = -2236*d - 22325. Give l(-10).
35
Let z(n) = -4*n + 62. Give z(-7).
90
Let r(o) = 90*o**2 + 1546*o + 268. Give r(-17).
-4
Let h(s) = -26*s + 1033. Determine h(40).
-7
Let a(k) = -4*k**2 + 51*k. Give a(13).
-13
Let s(i) = -40*i**2 + 110*i - 17. Determine s(3).
-47
Let q(k) = -91*k - 2420. Give q(-28).
128
Let v(g) = g**2 - 7*g + 67. Determine v(9).
85
Let w(a) = a**3 - 101*a**2 + 987*a - 106. What is w(90)?
-376
Let r(v) = -9*v**2 + 13*v - 6. Determine r(3).
-48
Let l(r) = 495*r - 4922. Give l(10).
28
Let y(r) = 179*r + 2516. Determine y(-14).
10
Let i(p) = -14*p**3 + 7*p**2 + 6*p - 7. Determine i(4).
-767
Let s(c) = -622*c - 15516. Determine s(-25).
34
Let i(u) = -u**3 - 4*u**2 + 169*u + 662. Determine i(-4).
-14
Let l(x) = -x**3 + 4*x**2 + 42*x + 6. What is l(-6)?
114
Let l(y) = -y**3 - 8*y**2 - 5*y + 6. Determine l(-4).
-38
Let d(p) = -p**2 + 54*p - 311. What is d(49)?
-66
Let q(w) = 3*w + 4. What is q(-7)?
-17
Let l(t) = -12*t + 292. Determine l(20).
52
Let g(o) = o**3 + o**2 + 17*o + 29. What is g(-2)?
-9
Let d(o) = o**3 + 16*o**2 + 28*o + 198. Determine d(-15).
3
Let p(v) = -v**2 + 67*v - 925. Determine p(20).
15
Let g(a) = -9449*a + 56692. Give g(6).
-2
Let g(a) = a**3 + 16*a**2 - 12*a - 474. Determine g(-7).
51
Let l(f) = -2*f**2 + 18*f + 239. Calculate l(-7).
15
Let c(r) = -r**2 + 10*r - 1. Determine c(-5).
-76
Let r(t) = -t**3 + 14*t**2 - 34*t - 6. Calculate r(12).
-126
Let z(r) = -2*r**2 - 203*r + 1860. Give z(9).
-129
Let k(l) = -86*l + 1974. Give k(23).
-4
Let m(k) = -k**3 + 18*k**2 - 119*k + 1132. Calculate m(15).
22
Let w(f) = 4*f + 11. What is w(-6)?
-13
Let j(s) = s**3 - 37*s**2 - 655*s - 63. What is j(-13)?
2
Let u(c) = -2*c**2 + 137*c - 641. Calculate u(5).
-6
Let j(b) = b**3 + 11*b**2 - 392*b - 37. What is j(-26)?
15
Let t(a) = -712*a - 19930. What is t(-28)?
6
Let x(y) = 19*y + 392. Calculate x(0).
392
Let a(p) = -3*p + 21. What is a(-18)?
75
Let j(t) = t**3 - 22*t**2 + 105*t - 51. Determine j(15).
-51
Let i(u) = 3*u + 15. What is i(-2)?
9
Let y(c) = 14*c + 481. Give y(-32).
33
Let r(q) = 1180*q + 7036. Determine r(-6).
-44
Let b(a) = a**3 + 4*a**2 + 44*a + 84. Give b(-2).
4
Let y(t) = -t**2 + 147*t - 2398. Give y(18).
-76
Let w(f) = f**3 + 14*f**2 - 58*f - 907. Determine w(-12).
77
Let q(l) = -l**3 + 52*l**2 - 313*l - 91. What is q(45)?
-1
Let q(i) = 63*i + 1428. What is q(-23)?
-21
Let n(c) = -c**2 + 6*c - 2. Determine n(2).
6
Let j(b) = -b**3 + 108*b**2 + 202*b + 1963. Give j(110).
-17
Let o(s) = -s**3 + 2*s**2 + 34*s + 10. Determine o(7).
3
Let d(v) = -4*v**3 - 35*v**2 + 8*v + 3. Calculate d(-9).
12
Let g(r) = -r**3 + 144*r**2 + 84818*r + 458. Determine g(-228).
2
Let s(q) = -15*q + 1426. What is s(96)?
-14
Let r(q) = -10*q - 243. Give r(-15).
-93
Let x(l) = l**3 - 79*l**2 + 300*l + 13. What is x(75)?
13
Let g(m) = -69*m**2 + 620*m - 22. Calculate g(9).
-31
Let l(v) = -988*v - 8897. Determine l(-9).
-5
Let g(b) = -b + 58. Calculate g(2).
56
Let k(a) = 328*a - 1157. What is k(6)?
811
